{"id":2561,"date":"2024-11-12T20:33:03","date_gmt":"2024-11-13T00:33:03","guid":{"rendered":"https:\/\/thehighlight.com.do\/site\/?page_id=2561"},"modified":"2024-11-12T20:33:30","modified_gmt":"2024-11-13T00:33:30","slug":"talentos","status":"publish","type":"page","link":"https:\/\/thehighlight.com.do\/site\/talentos\/","title":{"rendered":"Talentos"},"content":{"rendered":"<h3 class=\"wp-block-heading\">Encuentra al Talento Ideal para tu Proyecto<\/h3><p>En nuestra plataforma de listados de talentos, te ofrecemos acceso a una amplia selecci\u00f3n de profesionales del mundo del entretenimiento. Ya sea que busques actores, modelos, bailarines, o m\u00fasicos, aqu\u00ed podr\u00e1s encontrar perfiles variados y detallados para seleccionar al talento perfecto.<\/p><p>Cada talento ha sido cuidadosamente seleccionado y cuenta con un portafolio que incluye fotos, videos y experiencia relevante. Nuestro equipo se asegura de mantener actualizada la informaci\u00f3n, para que puedas evaluar r\u00e1pidamente qui\u00e9n es el mejor para el rol que necesitas. Filtra por caracter\u00edsticas espec\u00edficas, habilidades o experiencia y encuentra f\u00e1cilmente a quien mejor se adapte a tu visi\u00f3n.<\/p><p>Haz clic en los perfiles para obtener m\u00e1s informaci\u00f3n y descubre c\u00f3mo cada talento puede aportar algo \u00fanico a tu proyecto. \u00a1El pr\u00f3ximo gran descubrimiento para tu casting podr\u00eda estar aqu\u00ed!<\/p>","protected":false},"excerpt":{"rendered":"<p>Encuentra al Talento Ideal para tu Proyecto En nuestra plataforma de listados de talentos, te ofrecemos acceso a una amplia [&hellip;]<\/p>\n","protected":false},"author":3,"featured_media":0,"parent":0,"menu_order":0,"comment_status":"closed","ping_status":"closed","template":"","meta":{"footnotes":""},"class_list":["post-2561","page","type-page","status-publish","hentry"],"aioseo_notices":[],"jetpack_sharing_enabled":true,"_links":{"self":[{"href":"https:\/\/thehighlight.com.do\/site\/wp-json\/wp\/v2\/pages\/2561","targetHints":{"allow":["GET"]}}],"collection":[{"href":"https:\/\/thehighlight.com.do\/site\/wp-json\/wp\/v2\/pages"}],"about":[{"href":"https:\/\/thehighlight.com.do\/site\/wp-json\/wp\/v2\/types\/page"}],"author":[{"embeddable":true,"href":"https:\/\/thehighlight.com.do\/site\/wp-json\/wp\/v2\/users\/3"}],"replies":[{"embeddable":true,"href":"https:\/\/thehighlight.com.do\/site\/wp-json\/wp\/v2\/comments?post=2561"}],"version-history":[{"count":1,"href":"https:\/\/thehighlight.com.do\/site\/wp-json\/wp\/v2\/pages\/2561\/revisions"}],"predecessor-version":[{"id":2562,"href":"https:\/\/thehighlight.com.do\/site\/wp-json\/wp\/v2\/pages\/2561\/revisions\/2562"}],"wp:attachment":[{"href":"https:\/\/thehighlight.com.do\/site\/wp-json\/wp\/v2\/media?parent=2561"}],"curies":[{"name":"wp","href":"https:\/\/api.w.org\/{rel}","templated":true}]}}